41.
73, 21817
What are the prime factors of 114875?
5, 919
What are the prime factors of 11678507?
17, 686971
List the prime factors of 264984.
2, 3, 61, 181
List the prime factors of 8714790.
2, 3, 5, 7, 29, 53
What are the prime factors of 148766?
2, 74383
List the prime factors of 544070.
2, 5, 41, 1327
What are the prime factors of 162655?
5, 32531
List the prime factors of 1119299.
1119299
What are the prime factors of 17002045?
5, 3400409
List the prime factors of 5196129.
3, 1732043
What are the prime factors of 1108929?
3, 373, 991
What are the prime factors of 60658?
2, 13, 2333
What are the prime factors of 6536848?
2, 408553
List the prime factors of 167985.
3, 5, 3733
List the prime factors of 1898680.
2, 5, 7, 6781
List the prime factors of 180319.
17, 10607
What are the prime factors of 687806?
2, 7, 73, 673
What are the prime factors of 4492880?
2, 5, 7, 71, 113
List the prime factors of 1613203.
347, 4649
List the prime factors of 1543403.
313, 4931
List the prime factors of 2128833.
3, 7, 33791
List the prime factors of 7346179.
19, 386641
List the prime factors of 14279739.
3, 4759913
What are the prime factors of 2265225?
3, 5, 30203
What are the prime factors of 3149363?
7, 43, 10463
List the prime factors of 196949.
23, 8563
What are the prime factors of 14189983?
14189983
List the prime factors of 13607703.
3, 503989
List the prime factors of 5859219.
3, 83, 23531
What are the prime factors of 987862?
2, 493931
What are the prime factors of 3348069?
3, 173, 6451
What are the prime factors of 2335225?
5, 29, 3221
What are the prime factors of 26005309?
11, 2364119
List the prime factors of 346617.
3, 19, 2027
List the prime factors of 6965236.
2, 167, 10427
What are the prime factors of 29767211?
59, 239, 2111
List the prime factors of 5385284.
2, 19, 59, 1201
List the prime factors of 555474.
2, 3, 43, 2153
List the prime factors of 224973.
3, 7, 3571
List the prime factors of 807291.
3, 19, 4721
What are the prime factors of 7186724?
2, 1301, 1381
List the prime factors of 357918.
2, 3, 11, 17, 29
What are the prime factors of 1760771?
131, 13441
What are the prime factors of 360653?
360653
List the prime factors of 3969660.
2, 3, 5, 66161
List the prime factors of 4372192.
2, 11, 12421
What are the prime factors of 452388?
2, 3, 37699
What are the prime factors of 20554079?
7, 13, 41, 787
What are the prime factors of 30851882?
2, 29, 31, 17159
What are the prime factors of 12205041?
3, 31, 263, 499
What are the prime factors of 249178?
2, 31, 4019
What are the prime factors of 797984?
2, 11, 2267
List the prime factors of 11950642.
2, 11, 227, 2393
What are the prime factors of 1893601?
229, 8269
What are the prime factors of 415389?
3, 13, 10651
List the prime factors of 165342.
2, 3, 17, 1621
What are the prime factors of 4760339?
137, 34747
List the prime factors of 98860.
2, 5, 4943
What are the prime factors of 1247193?
3, 138577
What are the prime factors of 3888261?
3, 13, 167, 199
List the prime factors of 862045.
5, 53, 3253
What are the prime factors of 4387?
41, 107
What are the prime factors of 11615?
5, 23, 101
List the prime factors of 326978.
2, 17, 59, 163
What are the prime factors of 891884?
2, 7, 53, 601
List the prime factors of 431148.
2, 3, 19, 31, 61
What are the prime factors of 740161?
740161
What are the prime factors of 5620460?
2, 5, 281023
List the prime factors of 82092.
2, 3, 6841
What are the prime factors of 392167?
29, 13523
List the prime factors of 212069.
11, 13, 1483
What are the prime factors of 10969549?
10969549
List the prime factors of 15809021.
15809021
What are the prime factors of 40257?
3, 7, 71
What are the prime factors of 1309339?
1309339
What are the prime factors of 498709?
23, 21683
What are the prime factors of 87335?
5, 17467
What are the prime factors of 9219148?
2, 2304787
What are the prime factors of 6299126?
2, 3149563
What are the prime factors of 7458683?
7458683
List the prime factors of 2266871.
19, 229, 521
List the prime factors of 9225.
3, 5, 41
What are the prime factors of 2093855?
5, 418771
What are the prime factors of 12902594?
2, 6451297
List the prime factors of 1689884.
2, 7, 60353
What are the prime factors of 9038243?
19, 475697
What are the prime factors of 317271?
3, 17, 6221
What are the prime factors of 2472816?
2, 3, 51517
What are the prime factors of 8542208?
2, 43, 97
List the prime factors of 21524707.
73, 294859
What are the prime factors of 13371757?
7, 31, 8803
What are the prime factors of 2361642?
2, 3, 31, 12697
List the prime factors of 898354.
2, 157, 2861
What are the prime factors of 49412?
2, 11, 1123
What are the prime factors of 675536?
2, 42221
What are the prime factors of 2312154?
2, 3, 13, 41, 241
List the prime factors of 104617.
233, 449
What are the prime factors of 616827?
3, 37, 5557
What are the prime factors of 641543?
7, 37, 2477
List the prime factors of 31530990.
2, 3, 5, 881, 1193
What are the prime factors of 31954813?
11, 53, 59, 929
What are the prime factors of 627613?
7, 89659
What are the prime factors of 19331260?
2, 5, 13, 149, 499
What are the prime factors of 796435?
5, 159287
List the prime factors of 145963.
145963
List the prime factors of 18890093.
18890093
List the prime factors of 5304991.
193, 27487
What are the prime factors of 110206?
2, 55103
What are the prime factors of 681866?
2, 340933
List the prime factors of 672310.
2, 5, 67231
List the prime factors of 3724515.
3, 5, 47, 587
What are the prime factors of 404971?
7, 57853
List the prime factors of 9606609.
3, 19, 56179
List the prime factors of 350569.
19, 18451
What are the prime factors of 4899311?
4899311
List the prime factors of 851286.
2, 3, 53, 2677
List the prime factors of 382558.
2, 11, 17389
What are the prime factors of 4113975?
3, 5, 19, 2887
What are the prime factors of 46209?
3, 73, 211
What are the prime factors of 238470?
2, 3, 5, 7949
What are the prime factors of 49684?
2, 12421
List the prime factors of 11994775.
5, 13, 17, 167
What are the prime factors of 267077?
409, 653
List the prime factors of 770258.
2, 385129
List the prime factors of 388308.
2, 3, 32359
What are the prime factors of 10781059?
1777, 6067
List the prime factors of 25532021.
1543, 16547
What are the prime factors of 140859?
3, 37, 47
What are the prime factors of 2883799?
2883799
What are the prime factors of 5044673?
5044673
List the prime factors of 1673927.
1673927
What are the prime factors of 1084638?
2, 3, 180773
What are the prime factors of 20333?
20333
What are the prime factors of 86982?
2, 3, 7, 19, 109
What are the prime factors of 14723659?
14723659
List the prime factors of 8629775.
5, 7, 11, 4483
What are the prime factors of 5679443?
7, 11, 41, 257
List the prime factors of 9194.
2, 4597
List the prime factors of 833095.
5, 166619
List the prime factors of 774466.
2, 7, 11, 47, 107
List the prime factors of 837509.
837509
What are the prime factors of 8791179?
3, 41, 71473
List the prime factors of 68874.
2, 3, 13, 883
List the prime factors of 9543964.
2, 2385991
What are the prime factors of 4466616?
2, 3, 7, 11, 2417
What are the prime factors of 10397962?
2, 37, 227, 619
What are the prime factors of 241999?
139, 1741
What are the prime factors of 262842?
2, 3, 71, 617
What are the prime factors of 10391313?
3, 131, 137, 193
What are the prime factors of 309302?
2, 7, 22093
What are the prime factors of 454214?
2, 19, 11953
List the prime factors of 3368506.
2, 313, 5381
List the prime factors of 25144284.
2, 3, 11, 17317
What are the prime factors of 592656?
2, 3, 12347
What are the prime factors of 1527450?
2, 3, 5, 17, 599
List the prime factors of 1386329.
7, 198047
List the prime factors of 9877354.
2, 193, 25589
List the prime factors of 400450.
2, 5, 8009
What are the prime factors of 184136?
2, 23017
What are the prime factors of 985908?
2, 3, 7, 11, 97
What are the prime factors of 1206649?
23, 2281
List the prime factors of 2147623.
2147623
List the prime factors of 303561.
3, 11243
List the prime factors of 17853757.
17, 317, 3313
List the prime factors of 1037719.
43, 24133
List the prime factors of 12823991.
79, 271, 599
List the prime factors of 699446.
2, 11, 31793
List the prime factors of 1332353